nd 224.
14
Calculate the highest common factor of 1350 and 100.
50
Calculate the highest common factor of 144 and 414.
18
What is the highest common divisor of 5 and 2155?
5
What is the greatest common factor of 234 and 52?
26
What is the greatest common divisor of 14 and 91?
7
Calculate the highest common factor of 470 and 10.
10
What is the highest common divisor of 152 and 19?
19
Calculate the highest common factor of 6330 and 60.
30
Calculate the greatest common factor of 18 and 450.
18
Calculate the greatest common factor of 175 and 49.
7
Calculate the highest common divisor of 41 and 287.
41
What is the highest common factor of 288 and 468?
36
Calculate the greatest common factor of 8090 and 30.
10
What is the greatest common divisor of 34 and 476?
34
What is the greatest common divisor of 18 and 201?
3
Calculate the highest common factor of 473 and 129.
43
Calculate the highest common factor of 11 and 2266.
11
What is the highest common divisor of 63 and 91?
7
Calculate the greatest common factor of 391 and 138.
23
Calculate the greatest common factor of 425 and 1105.
85
What is the highest common divisor of 11 and 77?
11
What is the highest common factor of 208 and 2756?
52
What is the greatest common factor of 75 and 3725?
25
What is the highest common divisor of 74 and 36?
2
What is the greatest common divisor of 6 and 534?
6
What is the greatest common divisor of 220 and 55?
55
What is the highest common divisor of 3 and 141?
3
What is the highest common divisor of 88 and 418?
22
Calculate the greatest common divisor of 416 and 13.
13
Calculate the highest common divisor of 89 and 712.
89
What is the greatest common factor of 68 and 20?
4
What is the greatest common factor of 42 and 1218?
42
Calculate the greatest common factor of 63 and 7.
7
Calculate the highest common factor of 188 and 1598.
94
What is the greatest common factor of 12 and 9?
3
What is the highest common divisor of 6438 and 174?
174
Calculate the greatest common factor of 189 and 54.
27
Calculate the highest common factor of 1736 and 7440.
248
What is the highest common divisor of 708 and 132?
12
Calculate the greatest common factor of 637 and 182.
91
What is the highest common factor of 3944 and 34?
34
What is the greatest common factor of 132 and 352?
44
What is the greatest common factor of 5579 and 7?
7
What is the highest common divisor of 1581 and 255?
51
Calculate the highest common divisor of 81 and 432.
27
What is the highest common factor of 40 and 500?
20
Calculate the highest common factor of 1152 and 324.
36
What is the greatest common divisor of 5723 and 97?
97
Calculate the highest common divisor of 48 and 80.
16
What is the greatest common divisor of 306 and 136?
34
What is the greatest common divisor of 2805 and 153?
51
What is the greatest common divisor of 2 and 5?
1
Calculate the greatest common divisor of 132 and 804.
12
What is the highest common divisor of 22 and 4?
2
What is the highest common factor of 1834 and 14?
14
Calculate the highest common divisor of 361 and 228.
19
Calculate the greatest common factor of 25 and 1225.
25
Calculate the highest common divisor of 551 and 76.
19
Calculate the highest common divisor of 1200 and 275.
25
Calculate the highest common factor of 256 and 1152.
128
Calculate the greatest common factor of 91 and 13.
13
Calculate the greatest common factor of 20 and 1004.
4
Calculate the highest common divisor of 598 and 184.
46
Calculate the greatest common factor of 312 and 1508.
52
Calculate the greatest common divisor of 1121 and 38.
19
Calculate the greatest common divisor of 920 and 23.
23
What is the greatest common divisor of 1212 and 324?
12
Calculate the greatest common divisor of 98 and 343.
49
Calculate the highest common factor of 145 and 174.
29
Calculate the greatest common divisor of 1515 and 15.
15
What is the highest common divisor of 2448 and 432?
144
What is the highest common divisor of 80 and 340?
20
Calculate the highest common factor of 2 and 974.
2
Calculate the highest common divisor of 6966 and 63.
9
What is the greatest common divisor of 1484 and 5512?
212
Calculate the highest common factor of 68 and 8075.
17
What is the greatest common divisor of 299 and 23?
23
What is the greatest common factor of 228 and 608?
76
What is the greatest common divisor of 41 and 328?
41
What is the highest common factor of 1905 and 15?
15
What is the greatest common factor of 44 and 473?
11
Calculate the greatest common factor of 11 and 7832.
11
Calculate the highest common divisor of 10 and 110.
10
Calculate the highest common divisor of 132 and 231.
33
What is the highest common factor of 744 and 465?
93
Calculate the greatest common divisor of 247 and 95.
19
Calculate the highest common divisor of 65 and 11635.
65
Calculate the highest common divisor of 1281 and 147.
21
Calculate the greatest common divisor of 220 and 55.
55
What is the highest common divisor of 9 and 2088?
9
What is the highest common divisor of 58 and 2871?
29
What is the greatest common factor of 24 and 276?
12
Calculate the greatest common divisor of 5 and 105.
5
Calculate the greatest common factor of 4 and 1964.
4
Calculate the greatest common divisor of 60 and 655.
5
Calculate the greatest common factor of 22 and 13354.
22
What is the highest common factor of 2 and 1261?
1
Calculate the highest common divisor of 132 and 36.
12
Calculate the highest common factor of 524 and 12.
4
Calculate the greatest common factor of 369 and 9.
9
What is the greatest common divisor of 2299 and 44?
11
What is the greatest common factor of 18 and 12?
6
Calculate the highest common factor of 169 and 39.
13
What is the highest common factor of 1300 and 1105?
65
Calculate the highest common divisor of 3532 and 4.
4
Calculate the greatest common factor of 99 and 957.
33
Calculate the highest common factor of 330 and 270.
30
Calculate the highest common divisor of 6127 and 22.
11
What is the greatest common factor of 400 and 752?
16
Calculate the greatest common factor of 50625 and 162.
81
Calculate the greatest common divisor of 42 and 14.
14
Calculate the greatest common factor of 10 and 1620.
10
Calculate the greatest common divisor of 126 and 5103.
63
What is the greatest common divisor of 31340 and 30?
10
What is the highest common factor of 20 and 500?
20
Calculate the highest common factor of 2 and 179.
1
What is the greatest common factor of 32 and 14176?
32
What is the highest common divisor of 108 and 24?
12
What is the highest common factor of 8267 and 7?
7
Calculate the greatest common divisor of 218 and 4.
2
Calculate the greatest common divisor of 1112 and 4309.
139
What is the greatest common factor of 220 and 6105?
55
What is the highest common divisor of 16 and 3456?
16
Calculate the highest common factor of 110 and 308.
22
What is the highest common divisor of 25 and 43425?
25
Calculate the greatest common divisor of 35 and 65.
5
Calculate the highest common factor of 28 and 1106.
14
What is the greatest common divisor of 56 and 392?
56
What is the highest common factor of 192 and 72?
24
Calculate the greatest common factor of 6239 and 17.
17
What is the highest common divisor of 15 and 21?
3
What is the greatest common divisor of 314 and 2?
2
Calculate the greatest common factor of 6464 and 192.
64
What is the highest common divisor of 10 and 1030?
10
Calculate the greatest common divisor of 1560 and 240.
120
Calculate the highest common factor of 64 and 192.
64
What is the highest common factor of 18693 and 124?
31
What is the greatest common factor of 42 and 12?
6
What is the highest common divisor of 1463 and 308?
77
Calculate the greatest common divisor of 216 and 8.
8
Calculate the greatest common factor of 99 and 22.
11
Calculate the greatest common factor of 512 and 144.
16
Calculate the greatest common factor of 738 and 9.
9
What is the greatest common divisor of 9 and 6651?
9
Calculate the highest common factor of 14 and 238.
14
Calculate the greatest common factor of 73 and 1387.
73
What is the greatest common factor of 22 and 33?
11
What is the greatest common divisor of 972 and 180?
36
Calculate the greatest common factor of 40 and 2120.
40
What is the greatest common factor of 455 and 1885?
65
Calculate the highe